
Suppose 4*t = 2*a - 3*a + 476, -3*t = 2*a - 357. Suppose 0 = c - t - 76. What is the hundreds digit of c?
1
Let m be (12/(-21))/((-6)/147). Suppose 0 = 3*x, 5*y - 2*x - 153 = 17. Let a = y - m. What is the units digit of a?
0
Let r(v) = -311*v - 235. What is the units digit of r(-7)?
2
Let y(b) = b**2 + 9*b + 6. Let h be y(-8). Let d = h + 16. Let j = 1 + d. What is the units digit of j?
5
Suppose 37*w = 20*w + 22457. What is the units digit of w?
1
Let x = 1077 - 551. What is the units digit of x?
6
Let o(v) = -3*v + 7. Let m be o(-12). Let g = -41 + m. What is the units digit of g?
2
What is the units digit of (-33 + 7)/(2/(-36))?
8
Let d = -11 + 13. Suppose -d*x = -6 - 24. Suppose -4*f + f = x, 2*f = 4*v - 26. What is the units digit of v?
4
Let s(i) = 6*i - 2. Let o be s(1). Suppose -4*w - 12 = -2*w + o*q, -3*q + 3 = 0. Let j = w - -18. What is the tens digit of j?
1
Let x be 37/7 - 18/63. Suppose x = t - 0. What is the units digit of t?
5
Let c(f) = -7*f - 18. What is the tens digit of c(-9)?
4
Let k = -1212 + 2092. What is the tens digit of k?
8
Let x be (-1 - -4)*52/39. Let s(y) = 3*y**3 - y**2 + 2*y - 1. Let d be s(x). Suppose -5*u - 52 = -2*i + 43, -d = -4*i + 3*u. What is the units digit of i?
5
Suppose 4*s - 202 = 2*c, -4*c - c + 107 = 2*s. Suppose l - s = -4*t + 7, -167 = -3*l - 5*t. What is the tens digit of l?
5
Suppose 4*h = 3*z - 15 + 2, 0 = -z - 3*h. What is the units digit of z/18 - (-2228)/24?
3
Let r = -2594 - -3414. What is the tens digit of r?
2
Let o = -1115 - -1781. What is the hundreds digit of o?
6
Let a(x) = -x**2 - 57*x - 23. What is the hundreds digit of a(-20)?
7
Suppose -4 = 4*h, -h + 317 = -4*z + 118. Let f = -4 - z. Let b = f - 27. What is the units digit of b?
9
Let l(u) = u - 3. Let s be l(-9). Let x = 19 + s. Let c(t) = t**2 - t - 5. What is the units digit of c(x)?
7
Let h(z) = -z**3 + 6*z**2 + 7*z + 3. Suppose -6 = -i + 1. Let m be h(i). Suppose -3*b + y + 66 = -y, -91 = -5*b - m*y. What is the units digit of b?
0
Let y(d) = d**2 - 3*d + 1. Let t be 0 + 2 - (-1 + 1). Suppose -3 = t*l - 3*l. What is the units digit of y(l)?
1
Let y be ((-1)/(-1) - 2)*-29. Suppose -44 = -p - 3*p. What is the tens digit of (y + 1)*11/p?
3
Let m = 220 + -129. Suppose -m = -k + 69. What is the units digit of k?
0
Suppose 4*o - 3*h = -11, o - 22*h + 18*h = -6. What is the units digit of (-5 + 8)*1/o*-4?
6
Suppose 4*c = 8*c - 8. Suppose -3*a - c*a = 0. Suppose -5*o + 214 = f, -4*f = -a*o - o + 26. What is the units digit of o?
2
Suppose 0 = -14*o - 4760 + 15148. Suppose -3*g = 2*r - 554, -o = -4*g + 3*r - 5*r. What is the units digit of g?
8
Let r(i) = 2*i - 5 + 6 - 3 - 2. Suppose -5*n = 3*x - 0*x - 35, 5*n = 5*x - 5. What is the units digit of r(n)?
4
Let i = 619 + -553. Let t = -14 + -1. Let o = t + i. What is the units digit of o?
1
Suppose 4*f + 5*c + 15 = -f, 2*f + 24 = 4*c. What is the units digit of 66/2*(-2)/f?
1
Let l(s) = s**2 - 7*s + 14. Let i be l(4). Suppose 0*t + i*t + 4*h = 40, -3*h - 54 = -2*t. Let c = t + -8. What is the tens digit of c?
1
Let g(n) = n**2 - 5*n - 9. Let p be g(4). Let o(v) = -4*v + 59. What is the hundreds digit of o(p)?
1
Let h(c) be the third derivative of c**6/120 + c**5/30 - c**4/6 + c**3/3 + 7*c**2. Let j be h(2). What is the tens digit of (25/j)/((-2)/(-8))?
1
What is the thousands digit of 52/(-39)*(-11190)/10?
1
Let r = 9 - 10. Let k = r + 6. What is the units digit of (216/45)/(1/k)?
4
Let u(p) = 6*p**2 + 3*p - 1. Let x be u(3). Let y = 11 + -25. Let r = y + x. What is the tens digit of r?
4
What is the tens digit of (-34265)/(-21) + (6/(-2))/(-9)?
3
Let g(r) = -9*r - 21. Let z be g(-19). Let t = -88 + z. What is the units digit of t?
2
Suppose n = -0*n - 5*j + 137, -n = -2*j - 116. What is the units digit of n?
2
Suppose 67*w = 87*w - 20740. What is the tens digit of w?
3
Suppose -5*z + 511 = 4*d, -2*z = -z + 5*d - 98. Suppose 0 = -5*r - 3*s + 269, z = 5*r - s - 154. What is the tens digit of r?
5
What is the tens digit of (82194/56 - 4)*4?
5
What is the units digit of (-8091)/(-21) - (-10)/(-35)?
5
Let b be (4/(-5))/(12/(-30)). Suppose -5*m - b*q = -295, q = 4*q. What is the units digit of m?
9
Let g(i) = 876*i - 30. What is the thousands digit of g(5)?
4
Let f(o) = 5*o + 10. Let q be f(-5). Let r(m) = -3*m - 20. What is the units digit of r(q)?
5
Let z(i) = -4*i**2 + 162*i - 51. What is the tens digit of z(31)?
2
Let n be 246/8 - (-21)/(-28). Let u = n - 10. What is the units digit of u?
0
Suppose -12*h = -8*h + 544. Let q = 200 + h. What is the units digit of q?
4
Let k = 1305 - 741. What is the tens digit of k?
6
Let w = -97 + 175. Let x = 166 - w. What is the tens digit of x?
8
Let j be 0/(-2)*(-5)/5. Suppose j*f = 8*f - 616. What is the tens digit of f?
7
Suppose 6 = 5*u - 9. Let r(m) = 4*m - 2. Let v be r(4). Suppose x - v = -3*s, -u*x = -4*x + s + 6. What is the units digit of x?
8
Let f(q) be the second derivative of q**4/12 - q**3/3 + 5*q**2 - 12*q. What is the units digit of f(-8)?
0
Let f(i) = 5 - 44*i - 3 + 0. What is the units digit of f(-1)?
6
Let h be (184/(-12) + 0)/(2/(-15)). Suppose 4*a = -0*p - 5*p + 235, -2*a + h = 5*p. What is the units digit of a?
0
Let t(q) = 68*q**2 + 15*q - 49. What is the units digit of t(-8)?
3
Suppose 5*o - 4*m - 1046 = 0, 3*m + 630 = 3*o - 0*m. What is the tens digit of o?
0
Let w = 7 + -7. Suppose w = -y - 2*y + 96. What is the units digit of y?
2
Let w(h) = 7*h + 7*h + 6*h - 71 - 9*h. What is the units digit of w(14)?
3
Suppose -33*s - 205 = -38*s. Suppose 79 = u - 4*l, -u - 5*l + s + 20 = 0. What is the tens digit of u?
7
Suppose -3*t - 3*x - 21 = 45, 5*t + 4*x + 109 = 0. Suppose -n = -5 + 3. What is the tens digit of (n - (-16)/(-6))*t?
1
Let x be (3 - 20/3)*-6. Let t = 24 - x. What is the units digit of ((-5)/(-5))/(t/94)?
7
Suppose 2*d + 0*h - 22 = 2*h, -5*d - 4*h = -19. Suppose -4*v - 4 = 0, -2*v + v + d = s. What is the units digit of s?
8
Let r = -51 - -61. Suppose -c + r*c - 693 = 0. What is the tens digit of c?
7
Suppose 4*u + 4*n = 5*u - 888, 5*u - 4530 = 2*n. What is the hundreds digit of u?
9
Let l be 266 + (0/(-4))/1. Suppose -l = -5*b + 334. Suppose -3*f + b = -0*f. What is the units digit of f?
0
Let n(m) = -126*m - 98. What is the units digit of n(-8)?
0
Suppose 3*q - q - 6 = 0. Suppose -5*b + q*b + 126 = 0. Suppose -3*l + 0*t = t - 61, -4*l = 5*t - b. What is the units digit of l?
2
Let g(p) = 2*p**2 + 9*p - 5. Suppose f - 2*f + 12 = -3*n, -2*f + 5*n = -19. Let k(u) = -u**2 + u + 5. Let y be k(f). What is the tens digit of g(y)?
3
Let b be 2/(-1) - (-5 + -2). Suppose 22 + 3 = b*a. Suppose -3*g = -3*x - 132, a*g - 2*x = -5*x + 220. What is the tens digit of g?
4
Let r be (-84)/24*8/14. Let n = r + 108. What is the hundreds digit of n?
1
Let d be (16/48)/((-2)/(-60)). Let f be (20/d)/(0 + 1). Let t(p) = 6*p**3 + p**2 + 5*p - 5. What is the units digit of t(f)?
7
Suppose -x + 9 = -5*t + t, -3*x + 12 = 3*t. Suppose -15 = -5*s - x. Suppose 5*p - s*l = 182, 5*p + l - 183 = 4*l. What is the units digit of p?
6
What is the tens digit of 4311/(-18)*(-1 + -1)?
7
What is the units digit of (807 - -31)/((-2)/(-4))?
6
Let b = 3187 + -548. What is the units digit of b?
9
Suppose -3*x = -3*h - 11 - 1, -3*h = 4*x - 2. Suppose -3*y - j = -16, x*j = -y + 3*y - 8. Let i(p) = p**3 - 3*p**2 + 6*p + 1. What is the tens digit of i(y)?
8
What is the tens digit of 4/(-8)*(23 + 3)*-31?
0
Suppose 3*i = 4*m - 471, -74 = -2*m - 5*i + 155. Suppose 4*x = -5*o - 0*o + m, -2*o + 159 = 5*x. Let t = -18 + x. What is the units digit of t?
5
Suppose 4*o = 4*l + 2252, 4*o - 5*l = -9*l + 2236. What is the tens digit of o?
6
Suppose -2 - 3 = v, -2*m + 4*v = -24. Let b = m - -2. What is the units digit of (-45)/30 - (-194)/b?
7
Suppose 11*x - 4825 - 3260 = 0. What is the tens digit of x?
3
Let z(a) = a - 5. Let h be z(4). Let q = h - -2. Suppose 5*y - q = -11, -b - y = -8. What is the units digit of b?
0
What is the hundreds digit of ((-259)/(-3))/(5/90)?
5
Let w(m) = -m - 6*m - 33*m + 1. What is the units digit of w(-2)?
1
Suppose 0 = -3*y - f + 1079, 33*y - 5*f - 1049 = 30*y. What is the tens digit of y?
5
Suppose 5*f + 11 + 1 = 2*g, 0 = -4*g - f + 2. Let j be (-3)/g + 1 + 2. Suppose j = -4*c + 21 + 35. What is the tens digit of c?
1
Let q = -336 - -344.